ime factors of 25038?
2, 3, 13, 107
List the prime factors of 9222.
2, 3, 29, 53
What are the prime factors of 6245?
5, 1249
What are the prime factors of 4643?
4643
What are the prime factors of 49128?
2, 3, 23, 89
List the prime factors of 976.
2, 61
What are the prime factors of 755?
5, 151
List the prime factors of 9708.
2, 3, 809
List the prime factors of 835.
5, 167
What are the prime factors of 816?
2, 3, 17
What are the prime factors of 17947?
131, 137
What are the prime factors of 9675?
3, 5, 43
What are the prime factors of 6592?
2, 103
What are the prime factors of 690?
2, 3, 5, 23
List the prime factors of 3601.
13, 277
What are the prime factors of 6109?
41, 149
List the prime factors of 28505.
5, 5701
List the prime factors of 19299.
3, 7, 919
List the prime factors of 18087.
3, 6029
What are the prime factors of 2830?
2, 5, 283
What are the prime factors of 60358?
2, 103, 293
What are the prime factors of 35575?
5, 1423
List the prime factors of 26282.
2, 17, 773
List the prime factors of 46158.
2, 3, 7, 157
What are the prime factors of 16313?
11, 1483
List the prime factors of 32015.
5, 19, 337
List the prime factors of 3124.
2, 11, 71
List the prime factors of 126230.
2, 5, 13, 971
List the prime factors of 8086.
2, 13, 311
What are the prime factors of 12061?
7, 1723
List the prime factors of 20364.
2, 3, 1697
What are the prime factors of 12642?
2, 3, 7, 43
What are the prime factors of 73996?
2, 13, 1423
List the prime factors of 706.
2, 353
List the prime factors of 474.
2, 3, 79
What are the prime factors of 4763?
11, 433
What are the prime factors of 251?
251
List the prime factors of 1698.
2, 3, 283
What are the prime factors of 1293?
3, 431
List the prime factors of 17829.
3, 7, 283
What are the prime factors of 1523?
1523
List the prime factors of 42861.
3, 7, 13, 157
What are the prime factors of 55792?
2, 11, 317
List the prime factors of 3673.
3673
What are the prime factors of 452?
2, 113
What are the prime factors of 1666?
2, 7, 17
What are the prime factors of 5194?
2, 7, 53
What are the prime factors of 132?
2, 3, 11
List the prime factors of 1825.
5, 73
What are the prime factors of 299?
13, 23
What are the prime factors of 24549?
3, 7, 167
What are the prime factors of 8145?
3, 5, 181
What are the prime factors of 623?
7, 89
List the prime factors of 2028.
2, 3, 13
What are the prime factors of 28004?
2, 7001
What are the prime factors of 42768?
2, 3, 11
What are the prime factors of 23141?
73, 317
List the prime factors of 202.
2, 101
What are the prime factors of 5300?
2, 5, 53
What are the prime factors of 59949?
3, 6661
What are the prime factors of 12054?
2, 3, 7, 41
What are the prime factors of 10553?
61, 173
List the prime factors of 6960.
2, 3, 5, 29
List the prime factors of 23199.
3, 11, 19, 37
List the prime factors of 2431.
11, 13, 17
What are the prime factors of 1248?
2, 3, 13
List the prime factors of 15621.
3, 41, 127
What are the prime factors of 21013?
21013
List the prime factors of 18542.
2, 73, 127
What are the prime factors of 44661?
3, 14887
List the prime factors of 4629.
3, 1543
List the prime factors of 6537.
3, 2179
What are the prime factors of 5758?
2, 2879
What are the prime factors of 49586?
2, 24793
What are the prime factors of 494?
2, 13, 19
List the prime factors of 22386.
2, 3, 7, 13, 41
What are the prime factors of 1297?
1297
List the prime factors of 75958.
2, 163, 233
List the prime factors of 79676.
2, 19919
List the prime factors of 30513.
3, 7, 1453
List the prime factors of 1170.
2, 3, 5, 13
What are the prime factors of 1803?
3, 601
List the prime factors of 2004.
2, 3, 167
What are the prime factors of 5363?
31, 173
List the prime factors of 122631.
3, 41, 997
List the prime factors of 129906.
2, 3, 7, 1031
What are the prime factors of 13359?
3, 61, 73
What are the prime factors of 122928?
2, 3, 13, 197
What are the prime factors of 2194?
2, 1097
List the prime factors of 13504.
2, 211
What are the prime factors of 49676?
2, 11, 1129
What are the prime factors of 3913?
7, 13, 43
List the prime factors of 500.
2, 5
What are the prime factors of 23935?
5, 4787
What are the prime factors of 22835?
5, 4567
What are the prime factors of 33264?
2, 3, 7, 11
What are the prime factors of 2224?
2, 139
List the prime factors of 20894.
2, 31, 337
List the prime factors of 3445.
5, 13, 53
List the prime factors of 306.
2, 3, 17
What are the prime factors of 1919?
19, 101
List the prime factors of 79167.
3, 11, 2399
What are the prime factors of 22773?
3, 7591
What are the prime factors of 1381?
1381
What are the prime factors of 394?
2, 197
What are the prime factors of 28061?
11, 2551
List the prime factors of 198395.
5, 39679
What are the prime factors of 7206?
2, 3, 1201
What are the prime factors of 5245?
5, 1049
What are the prime factors of 3352?
2, 419
List the prime factors of 4054.
2, 2027
List the prime factors of 436.
2, 109
What are the prime factors of 1009?
1009
List the prime factors of 1494.
2, 3, 83
What are the prime factors of 3217?
3217
List the prime factors of 13132.
2, 7, 67
List the prime factors of 32599.
7, 4657
List the prime factors of 28028.
2, 7, 11, 13
List the prime factors of 28648.
2, 3581
List the prime factors of 58762.
2, 11, 2671
List the prime factors of 2299.
11, 19
List the prime factors of 114830.
2, 5, 11483
What are the prime factors of 5070?
2, 3, 5, 13
List the prime factors of 2781.
3, 103
List the prime factors of 24761.
11, 2251
What are the prime factors of 50645?
5, 7, 1447
What are the prime factors of 530?
2, 5, 53
List the prime factors of 573.
3, 191
List the prime factors of 854.
2, 7, 61
What are the prime factors of 76176?
2, 3, 23
List the prime factors of 5703.
3, 1901
List the prime factors of 1005.
3, 5, 67
List the prime factors of 10335.
3, 5, 13, 53
List the prime factors of 17068.
2, 17, 251
List the prime factors of 25934.
2, 12967
What are the prime factors of 12093?
3, 29, 139
List the prime factors of 3214.
2, 1607
What are the prime factors of 21237?
3, 7079
List the prime factors of 27363.
3, 7, 1303
What are the prime factors of 13865?
5, 47, 59
List the prime factors of 1464.
2, 3, 61
List the prime factors of 1887.
3, 17, 37
List the prime factors of 119728.
2, 7, 1069
List the prime factors of 630.
2, 3, 5, 7
List the prime factors of 14941.
67, 223
What are the prime factors of 741?
3, 13, 19
List the prime factors of 3925.
5, 157
What are the prime factors of 315?
3, 5, 7
List the prime factors of 41679.
3, 11, 421
What are the prime factors of 1051?
1051
List the prime factors of 6416.
2, 401
List the prime factors of 24471.
3, 2719
List the prime factors of 27342.
2, 3, 7, 31
What are the prime factors of 4802?
2, 7
What are the prime factors of 516?
2, 3, 43
List the prime factors of 40820.
2, 5, 13, 157
List the prime factors of 5611.
31, 181
List the prime factors of 36741.
3, 37, 331
List the prime factors of 16868.
2, 4217
What are the prime factors of 85942?
2, 97, 443
List the prime factors of 546.
2, 3, 7, 13
List the prime factors of 127635.
3, 5, 67, 127
What are the prime factors of 81614?
2, 13, 43, 73
What are the prime factors of 2121?
3, 7, 101
What are the prime factors of 1445?
5, 17
List the prime factors of 2165.
5, 433
List the prime factors of 563.
563
What are the prime factors of 12381?
3, 4127
What are the prime factors of 3801?
3, 7, 181
What are the prime factors of 91584?
2, 3, 53
What are the prime factors of 26214?
2, 3, 17, 257
What are the prime factors of 43237?
43237
What are the prime factors of 53590?
2, 5, 23, 233
What are the prime factors of 988?
2, 13, 19
List the prime factors of 773.
773
What are the prime factors of 52116?
2, 3, 43, 101
List the prime factors of 357.
3, 7, 17
List the prime factors of 4607.
17, 271
List the prime factors of 8905.
5, 13, 137
List the prime factors of 3522.
2, 3, 587
List the prime factors of 9621.
3, 1069
What are the prime factors of 212?
2, 53
What are the prime factors of 43837?
59, 743
List the prime factors of 190.
2, 5, 19
What are the prime factors of 370?
2, 5, 37
List the prime factors of 9909.
3, 367
List the prime factors of 9987.
3, 3329
What are the prime factors of 12483?
3, 19, 73
List the prime facto